 j = r - a. What is the remainder when j is divided by 5?
4
Let w(c) = -c**3 - 5*c**2 + 2*c - 10. What is the remainder when w(-6) is divided by 5?
4
Suppose 10*i + 645 = 15*i. Calculate the remainder when i is divided by 33.
30
Let h = 10 - 8. Suppose -b - 17 = -h*b. What is the remainder when 2/(-5) - 162/(-5) is divided by b?
15
Let s be (-1 + -1)*1/2. Let w be 2 + -3 + s + 7. Let y = w - -1. What is the remainder when 11 is divided by y?
5
Let f be (-8)/(-5)*10/4. Suppose -3*r + 5*s - 3 = -f, 5 = 5*s. What is the remainder when 4 is divided by r?
0
Suppose c = 5*c + 36. Let t = 5 - c. What is the remainder when 40 is divided by t?
12
Calculate the remainder when 28 is divided by (-4)/10 + 77/5.
13
Suppose -5*m - 10 = -2*s, 0 = -4*s + 3*m + 20 - 0. Calculate the remainder when s is divided by 1.
0
Suppose 0 = 4*h - 0*h - 260. Suppose -2*i = -r - 3*i + 15, h = 5*r - 5*i. Let m = -621 + 646. Calculate the remainder when m is divided by r.
11
Let c = -118 + 185. What is the remainder when c is divided by 17?
16
Let h(k) = 4*k**2 - 1. Let j be h(-1). Suppose -5 - j = -v. Calculate the remainder when (4/6)/((-2)/(-66)) is divided by v.
6
Let q(p) = -3*p - 4. What is the remainder when q(-11) is divided by 5?
4
Let p = 12 + -6. Suppose 2*y - 3*i = -9, 3*y = 6*i - 3*i - p. Suppose -j + 3 = -4. Calculate the remainder when j is divided by y.
1
Suppose 2*q - 4*s = 22, -s - 20 = -4*q - 5*s. Let a = q - 4. Let i = -1 + 3. What is the remainder when a is divided by i?
1
Suppose -5*h - 2*s + 10 = 2*s, 5*h - 35 = s. Let w(f) = -5*f. Suppose 2*m - 8 = 6*m. Calculate the remainder when w(m) is divided by h.
4
Suppose -8*h - 67 = -4*h + x, -3*h = x + 51. What is the remainder when 33 is divided by (1 + (-21)/12)*h?
9
Let g = 7 + 19. Let v = 0 - -4. What is the remainder when (-765)/(-10) - (-2)/v is divided by g?
25
Let y be (1 + 1)*(-15)/(-6). Suppose n = -y*c + 5*n + 72, -c - 5*n = 3. What is the remainder when 46 is divided by c?
10
Suppose -f = -2*k, -4*k = k - 3*f. Suppose -z + 3*a + 19 = k, -3*z + 3*a = -7*z + 1. Let j(t) = -t. Calculate the remainder when z is divided by j(-2).
0
Suppose 0 = x - 4 + 2. Suppose 0*u + 98 = x*u. What is the remainder when u is divided by -3*(-680)/90*(-3)/(-4)?
15
Calculate the remainder when 72 is divided by ((-19)/2)/(1/(-4)*2).
15
Let r(i) = i**3 - 3*i**2 + i + 3. Let g be 4 + (1 - 0 - 2). Suppose 4*x - g = 9. What is the remainder when r(x) is divided by 3?
0
Let x = 31 + -26. What is the remainder when 18 is divided by x?
3
Let k be 10/(-3) - (-4)/12. Let z = k + 3. Suppose z*a - a = -7. Calculate the remainder when 13 is divided by a.
6
What is the remainder when 169/4 + 1/(-4) is divided by 11?
9
Suppose 6*f - 432 + 78 = 0. What is the remainder when f is divided by 21?
17
Suppose -53 = -3*o + 16. What is the remainder when o is divided by 13?
10
Suppose 3*i + 8 = 5*l - 12, 6 = -2*l + 4*i. Calculate the remainder when 26 is divided by l.
5
Suppose 4 = -2*b + b. Let f(l) = l + 9. Let d be f(b). Calculate the remainder when d - -1*2 - 0 is divided by 4.
3
Let x = -291 + 433. Let b = -99 + x. Calculate the remainder when b is divided by 11.
10
What is the remainder when 71 is divided by 2/(-10) - 1488/(-40)?
34
Suppose -x = -2*h + 120, -4*x + 0*x = h - 42. Suppose -3*p + 5*z = -h, 4*p + 2*z - 60 = -0*z. Calculate the remainder when 46 is divided by p.
14
Let o = -21 + 69. Calculate the remainder when o is divided by 10.
8
Let a = 35 - 4. Suppose 0 = -3*q + a + 2. Calculate the remainder when q is divided by 7.
4
Suppose 34*x = 37*x - 75. Calculate the remainder when x is divided by 9.
7
Let u(d) = 8*d**2 - 14 + 4 - d + 0*d - d**3. Calculate the remainder when u(7) is divided by (-66)/48*-2*4.
10
Let p = 3 + 0. Suppose -9 - 21 = -p*v. What is the remainder when 16 is divided by v?
6
Let x(v) = 1 + 1 - 5 - v. Let n be x(-3). What is the remainder when ((-6)/(n - 1))/2 is divided by 1?
0
Let w(h) = -2*h**3 + 10*h**2 + 5*h - 3. Suppose 0 = 4*p - 0*l + 5*l - 47, -2*p + 2*l + 10 = 0. Calculate the remainder when w(5) is divided by p.
6
Let s(t) = -t**3 - 3*t**2 + 3*t + 1. Calculate the remainder when ((-6)/15)/(2/(-40)) is divided by s(-4).
3
Suppose 2*s = -s + 63. Let a = 573 - -539. Calculate the remainder when (-4)/(-14) + a/28 is divided by s.
19
Let g(w) = w**3 + w + 2. Let l be g(-2). Let j(y) = y**3 + 10*y**2 + 11*y - 3. Calculate the remainder when j(l) is divided by 13.
11
Suppose y = -5*u + 15, 11 = -3*y - 4. Let f be (-2)/(-8) + (-3213)/u. What is the remainder when (f/22)/(2/(-4)) is divided by 25?
23
Let c(u) = u - 2. Let r be c(5). Suppose -3*o - 7 = -2*h, -r*h + o + 9 = h. Let f(m) = -2*m. Calculate the remainder when f(-2) is divided by h.
0
Suppose 5*n + 6 = -4. Calculate the remainder when 19 is divided by (-4)/n - (-1 + -8).
8
Suppose -28 = -2*z - 2*z. Suppose -5*r - 70 = -5*p, 3*p + z*r = 4*r + 72. What is the remainder when 75 is divided by p?
18
Let s(l) = l**2. Let o be s(3). Suppose -o + 29 = 2*d. Calculate the remainder when d is divided by 3.
1
Calculate the remainder when 50 is divided by -3*42/((-25)/10 + -2).
22
Suppose 0 = -6*r + 2*r + 244. Calculate the remainder when r is divided by 16.
13
What is the remainder when 51 is divided by (-12)/15*325/(-10)?
25
Let g = 52 + -45. Calculate the remainder when 68 is divided by g.
5
Suppose -4*y = -0*y - 60. Let s = y + 3. Calculate the remainder when 52 is divided by s.
16
Suppose 5*f - 147 - 93 = 0. What is the remainder when f is divided by 17?
14
Let h(l) = -l**2 + 9*l + 11. Suppose -3*t + 35 = -o, 0 = -5*t - 5*o + o + 81. Let s = t - 3. Calculate the remainder when h(8) is divided by s.
9
Let u(x) be the first derivative of -x**2/2 + 12*x + 2. Let f = -5 - -12. What is the remainder when 13 is divided by u(f)?
3
Suppose i + 192 = 4*i. Let k = -2 - -5. Suppose 2*j + i = 5*y + 3*j, k*y = -j + 40. What is the remainder when 22 is divided by y?
10
Let a(h) = h + 9. Suppose 3*n + 1 = 7. Suppose n*v = -3*w + 86, -2*w - w + 3*v = -66. What is the remainder when w is divided by a(0)?
8
Let t = -82 + 123. What is the remainder when t is divided by 21?
20
Let a = 17 + 0. Suppose -5*v + a = 2. Suppose -3*o - 66 = -v*h, -1 - 4 = o. Calculate the remainder when 32 is divided by h.
15
Suppose -2*q + 0 = 8. Calculate the remainder when (-58)/(2/q*2) is divided by -5*(-3 - (1 + -1)).
13
Let y be ((-6)/12)/(2/(-4)). Suppose -3*a + 3 = -g, 2*g - y = a - 2*a. Calculate the remainder when 1 is divided by a.
0
Calculate the remainder when 18/(-10)*(1 - -3 - 9) is divided by 5.
4
Suppose -2*d + 37 = -45. Let n be (1 + d/(-3))*-3. Suppose w - 8 = n. What is the remainder when w is divided by 16?
14
Let a(k) = -k + 8. What is the remainder when 10 is divided by a(2)?
4
Suppose q - 975 = 5*f, 6*f + 587 = 3*f + q. Let s = -112 - f. Calculate the remainder when 58 is divided by s/4 - (-10)/(-20).
18
Let a = -23 + 56. What is the remainder when a is divided by 7?
5
Let s = 5 - -1. Let o(p) = p**2 + 5*p + 3. Let f be o(-5). Suppose u = -q + 20, 50 = f*q + u - 4. Calculate the remainder when q is divided by s.
5
Let v = -11 - -11. Suppose 5*y - 34 = -3*j, j + v = 2*y - 7. What is the remainder when 7 is divided by y?
2
Suppose 0 = 3*g - 9 - 9. Suppose 6*i + 8 = 8*i. Calculate the remainder when g is divided by i.
2
Let m(i) = i**2 + 1. Suppose -2*t = 3*t - 335. Calculate the remainder when t is divided by m(4).
16
Suppose 8*l - 3*l = -5*r + 45, 12 = -4*r. Suppose n + l = 3*n. Calculate the remainder when 12 is divided by (n/12)/((-1)/(-14)).
5
Suppose 2*p = 8 - 0. Suppose -6*d + 5*d = 4*m - 25, p*d - 4*m = 40. Calculate the remainder when 51 is divided by d.
12
Let c be 1*(12 + (-4 - -2)). Suppose -10 = -12*x + c*x. Suppose 0 = -4*l - 0*l + 52. Calculate the remainder when l is divided by x.
3
Let q(w) be the first derivative of w**2/2 - 13*w - 4. Let c be q(13). Suppose c = b - 58 + 1. Calculate the remainder when b is divided by 15.
12
Let g(i) = i**3 - 6*i**2 + 3*i + 1. Let s be g(5). Suppose 16 = -k + 2*k. Let f = k + s. What is the remainder when 25 is divided by f?
4
Suppose 2*r + 8 = 3*r. Let l = -1 + r. Suppose -4*s + 13 = -0*b - b, 2*s + 5*b - 1 = 0. Calculate the remainder when l is divided by s.
1
Let u(y) = 3 + y**2 + 3*y + 1 + 4*y**2 - 4*y**2. Suppose -2*q 